at is the units digit of j?
3
Let r(v) = -2*v**3 - 18*v**2 - v - 5. What is the units digit of r(-9)?
4
Let z(b) = b**2 + 10*b + 4. Let k be z(-10). Suppose -2*m - 3 = 2*p - m, -k*p + 9 = -3*m. Suppose 16 = 3*q + d - 3*d, p = 4*d - 4. What is the units digit of q?
6
Suppose 0*u - 2 = q + 2*u, u = 4*q - 19. Let v = -22 + q. What is the tens digit of (-2 + -1 - v) + -2?
1
Let i(j) = -5*j - 8. Let a be i(-6). What is the units digit of (-4)/(-22) - (-40)/a?
2
Let a be (-1 - 0)/((-2)/70). Suppose -9*d + a = -8*d. What is the units digit of d?
5
Let o(h) = 21*h - 6. Let x be o(10). Suppose -f + 4*f + x = 2*s, 0 = -5*s - 4*f + 533. What is the units digit of (-1)/(-2) - s/(-6)?
8
Suppose -3*p - 38 + 179 = 0. What is the units digit of p?
7
Suppose -4*z = -10 - 6. Suppose z*b - 6 = 10. Suppose -2*v = 3*n - 16, -3*v + 24 = b*n + n. What is the units digit of v?
8
Let k(v) = v**3 + v**2 + v - 3. Let r be k(0). Let a = 10 + r. What is the units digit of a?
7
Let t(p) = p**3 - 6*p - 4. Let h be t(-4). Let d be (-12)/(-8)*h/(-3). What is the units digit of (-2 + d/5)*5?
2
Suppose 7*c = 8*c - 196. What is the tens digit of c?
9
Let h(k) = -k**3 - 2*k**2 + k + 2. Let j(i) = -i**3 - 2*i**2 + i + 3. Let b(w) = -4*h(w) + 3*j(w). Let c = 0 + -2. What is the units digit of b(c)?
3
Let c(i) = -i - 1. Let j be c(-3). Suppose -v + 5 = 4*l, -l - v + 5 = -j*v. What is the tens digit of (-2 - -3) + 18/l?
1
Suppose -5*q - 2*x - 13 = x, -4 = 4*q - 4*x. Let v = -2 - q. Suppose v*k - 5*k - 28 = -o, 0 = o - 2*k - 19. What is the tens digit of o?
1
Suppose 3*x = -5*u + 66, 5*u = -x + 28 + 4. What is the units digit of x?
7
Suppose 4*a + 7 = -t - 12, 0 = -4*t + 3*a. Let f be (6/4)/(t/8). Let h(r) = -3*r - 5. What is the units digit of h(f)?
7
Suppose -5*n + q = -n - 35, 2 = 2*q. Suppose -3*z + 0*z = -n. Suppose 0 = -3*b - z*m, -3*b + 4 + 16 = -m. What is the units digit of b?
5
Let g be -1 + 0 - (-2)/(-1). What is the units digit of (-2)/((-6)/g) - -2?
1
Let s(n) = -n**3 + 3*n**2 + 5*n + 2. Suppose 5*z - 12 = 8. Let v be s(z). What is the units digit of ((-1)/2)/((-1)/v)?
3
Suppose 4*v - 15 = 3*v. Suppose 5*b - v = 0, -2*b = 3*c - 18 - 0. Suppose 0 = 5*z - 5, -2*o = -0*o - c*z. What is the units digit of o?
2
Suppose -70 = -2*q - 280. Let b = 154 + q. What is the units digit of b?
9
Let u(v) = 2*v + 3. Let w be u(-5). Let l(n) = -n - 12*n**2 - n**3 - 6*n**2 + 11*n**2. What is the units digit of l(w)?
7
Suppose -169 - 161 = -3*b. Suppose 2*f - b = -3*f. What is the units digit of f?
2
Suppose 8 = -5*r + r. Let t(s) = 2*s**2 - s - 1. What is the units digit of t(r)?
9
Let a(b) be the first derivative of b**2/2 - b - 1. Let p = -3 - -7. What is the units digit of a(p)?
3
Let u(r) = r**3 - 11*r**2 + 12*r + 12. What is the units digit of u(10)?
2
Let a = 125 + -81. Suppose -a = -4*l - 4*j, 6*l - 4*j = 3*l + 19. What is the units digit of l?
9
Let k = -149 - -73. What is the units digit of (-3 + 0)/(19/k)?
2
Let h be -2*(-3)/(-12)*4. Let i = 7 + h. Suppose 2*q = -4*t + 3*t + i, -5*q + 13 = 2*t. What is the units digit of q?
3
Let w be (-1 + 4)/(6/(-16)). Let y = -9 - w. What is the units digit of 10/5 - (y - 8)?
1
Let m be (-2)/(-6) + 28/6. Let u(x) = -5*x**3 + 2*x + 2*x**3 + 3*x**3 + x**3 - 5*x**2 + 4. What is the tens digit of u(m)?
1
Suppose 3*j = 4*l + 25, -4*j + 20 = -l - 9. Let i = -33 - -25. Let q = j - i. What is the units digit of q?
5
Let m be 6/4*(-8)/6. Let o be m/(-1) + -1 + 44. What is the units digit of 1/3*o/5?
3
Let g(c) = -2*c**3 - c**2 - 2. Let f = 3 + -5. What is the tens digit of g(f)?
1
Let d = -11 + 14. Suppose d*s = -v + 68, -2*v + 108 = 5*s + v. What is the units digit of s?
4
Let k(d) = 2*d**2 + d + 2. What is the units digit of k(-2)?
8
Let x = 29 - 15. Let y be (24/x)/((-5)/70). What is the tens digit of y*((-15)/6 + 2)?
1
Let t(q) = -2*q - 1. Let v(p) = p. Let d(k) = k + 1. Let j(c) = 2*d(c) + 2*v(c). Let l(w) = 2*j(w) + 5*t(w). What is the units digit of l(-4)?
7
Suppose 4*z = -1 + 5. What is the units digit of (1 - -4)*z/1?
5
Let s = 9 + 5. Let y = 13 - 22. Let i = s + y. What is the units digit of i?
5
What is the tens digit of 11/2*(-1 - -3)?
1
What is the tens digit of 14/(-35) - 1584/(-10)?
5
Let x(p) be the first derivative of p**2/2 + 3*p + 2. What is the units digit of x(7)?
0
Let c(x) = -x**3 - 12*x**2 - 6*x - 6. What is the units digit of c(-12)?
6
What is the tens digit of -63*-1*4/12?
2
Let y = -39 - -159. What is the tens digit of (12/(-30))/((-2)/y)?
2
What is the units digit of -3*188/(-24)*2?
7
Let b be (-1)/4 - (-81)/4. Suppose -6*c + c + 31 = -3*n, -5*c + 19 = 3*n. Let q = b - c. What is the tens digit of q?
1
Let d(t) = 3*t - 9. What is the units digit of d(6)?
9
Suppose 2*v = 7*v - 120. Let y = 2 + v. What is the tens digit of y?
2
Suppose 3*a + 5*b + 6 = 0, 18 = 2*a - 4*b - 0. Suppose -q + a = -0. Suppose q*l - 40 = -5*j, -j - 3*j + 3*l = -5. What is the units digit of j?
5
Suppose -l + 8 = -5. Suppose -2*i + l = -4*d + 171, -5*d + 202 = -4*i. What is the tens digit of d?
3
Let r(s) = s - 6. Let x be r(6). Suppose -2*v + 0*v + 19 = 5*w, x = v - w - 13. What is the tens digit of v?
1
Let i = 18 - -6. Suppose -5*q + i = -36. Let o = q - 2. What is the tens digit of o?
1
Let g(b) = -b**2 - 15*b - 11. Suppose -2*m - 8 = -2*x + 10, 0 = 5*x + 25. What is the units digit of g(m)?
3
Suppose 2 = -w + 6. Suppose -a + 4*v = -4*a + 14, 2*a + w*v - 16 = 0. Let d = 5 + a. What is the units digit of d?
3
Let u be 6/10 + (-8)/(-20). Let h be (u/3)/((-2)/(-6)). Suppose -2*w = -h - 13. What is the units digit of w?
7
Let i be (0*(-3)/(-9))/(-2). Suppose 0 = s - 3*j - 0*j - 19, -1 = s + j. Suppose -s*d + i*d + 72 = 0. What is the units digit of d?
8
Let q = 55 + 107. What is the tens digit of q?
6
Suppose -a - 24 = -5*a. What is the tens digit of ((-18)/8)/(a/(-32))?
1
Let h be (-12 + 6)*4/(-6). Let o(v) = -v**3 + 4*v**2 + 6*v - 2. What is the tens digit of o(h)?
2
Let s be 76/(-28) + (-4)/14. Let i = s + 4. What is the units digit of i?
1
Let p(d) = -d + 2. Let a be 6*1*(4 - 5). What is the units digit of p(a)?
8
Suppose j + 5*f + 30 = 0, 2*j - 1 - 14 = 5*f. Let l(g) = 2 - 5*g - 3*g**3 - 6*g**2 + 2*g**3 + 0*g**3. What is the units digit of l(j)?
2
Suppose 0 = 5*y - 0*y. Suppose y + 8 = 2*j. Let q = j - -3. What is the units digit of q?
7
Let w(r) = -2*r**2 + 2*r + 8. Let g(m) = -m**2 + 2*m + 7. Let n(u) = 5*g(u) - 4*w(u). Let h be n(3). Suppose 3*y = y + h. What is the units digit of y?
8
What is the tens digit of 48 - 0 - (-3 + -1)?
5
What is the tens digit of ((-15)/(-25))/((-1)/(-95))?
5
Let k be (0/(-3)*1)/(-2). Suppose 5*s - 4*s - 4 = k. What is the units digit of s?
4
Let c = -5 + 63. What is the tens digit of c?
5
Let n = 85 + -71. What is the tens digit of n?
1
Let c be -1*(0/(-2) - 32). Suppose 1 = 3*n - c. What is the tens digit of n?
1
Let o(j) = j**2 - 9*j + 5. Let n be o(5). What is the units digit of (1 + 0)*(0 - n)?
5
Let i(b) = -b**2 - b + 11. Let m(w) = w**3 + 2*w**2 - w - 3*w + 0*w - 3. Let u be m(-3). What is the tens digit of i(u)?
1
Suppose 270 = 27*c - 21*c. What is the units digit of c?
5
Let k(z) = z**2 - 2*z - 1. Let c be k(3). Suppose -c*i - i = -42. What is the tens digit of i?
1
Let x = -4 - -5. Let u = 10 - x. What is the units digit of -3*-10*3/u?
0
Let c be (3/3 + 1)*1. Suppose -c*p - s - 7 = -33, -3*p + 2*s = -32. Suppose -m = -i + 1 - p, 0 = -3*m - 5*i + 9. What is the units digit of m?
8
Let x(r) = r**2 - 3*r - 5. Let n be x(5). Suppose -2*t + n*u + 8 = t, 3*u = t - 4. What is the units digit of t?
1
Let a = -182 + 312. What is the units digit of a?
0
Suppose 5*c = -119 + 809. What is the units digit of c?
8
What is the tens digit of (34 + 4)/(4 + -3)?
3
Suppose 4*i = -2*l + 42, l = -i - 3*i + 11. What is the units digit of l?
1
Suppose -27 = -3*g - 3*d, -2*d = 2*d - 20. Suppose g*b - 31 = -11. Let w = b + -1. What is the units digit of w?
4
Suppose -4*o - b + 16 = -71, 0 = -3*o + 5*b + 71. What is the tens digit of o?
2
Let m(w) = -w**3 + 9*w**2 + 10*w + 13. Let a be m(10). Suppose 4*r - 2*i - 22 = -8, -5*r - 2*i = -a. Let x = r + 0. What is the units digit of x?
3
Suppose 3*q + q + 336 = 4*f, -5*f + 2*q + 429 = 0. Suppose 3*t - f = -0*t. Suppose 74 = 5*i + t. What is the units digit of i?
9
Suppose 4*q - 4 =